 of ((-5)/(k/(-12)))/1?
2
Suppose -25*k = -27*k + 2. Suppose 0 = 5*a + 20, 31 - k = 2*y - 5*a. Suppose y*r - 86 = 219. What is the tens digit of r?
6
Suppose 4*q = 754 - 138. What is the tens digit of q?
5
Let x = 92 + -90. Suppose -958 = -3*t + x*c, t - c = -155 + 475. What is the hundreds digit of t?
3
Let l = -2447 + 3958. What is the hundreds digit of l?
5
Suppose 5*a - 42 = 53. Suppose 9*f + 3*f + 216 = 0. Let n = f + a. What is the units digit of n?
1
Suppose 0 = -6*y - 4 + 34. Suppose 5*n + 45 = -y*z + 140, z + 4*n - 10 = 0. What is the tens digit of z?
2
Let k(c) = 4*c + 6. Let n be k(-5). Let h(q) = -12*q - 50. Let l(a) = -18*a - 75. Let b(v) = -7*h(v) + 5*l(v). What is the tens digit of b(n)?
5
Let w be (5 - 3)/2*0. Let h(c) = -c**3 + 5*c**2 - 4*c + 1. Let t be h(4). Suppose w = -z + 18 + t. What is the units digit of z?
9
Suppose 2*p = 4*t - 9936, -10*p + 2484 = t - 12*p. What is the tens digit of t?
8
Let d be (1 - -5 - 2) + -8. Let z(c) = -22*c - 12. Let u be z(d). Suppose 0 = -3*r + 110 + u. What is the units digit of r?
2
Suppose 142*h = 91*h + 66249. What is the thousands digit of h?
1
Suppose -19*y + 13924 = -34659. What is the units digit of y?
7
Suppose 49 = -5*c + 4. What is the units digit of (-3)/c - (-85)/15?
6
Suppose -3*l - k + 4 = -7, 0 = 3*l + 3*k - 9. Suppose -2*f = d - 247, 637 = 4*f + f - l*d. What is the tens digit of f?
2
Let h(d) be the third derivative of 1/2*d**3 + 1/24*d**4 + 0*d + 5*d**2 + 1/60*d**5 + 0. What is the tens digit of h(3)?
1
Let q be ((-2)/(-4))/(2/76). Let p be (-36)/30*(-1 - 9). Let g = q - p. What is the units digit of g?
7
Let g = -802 + 1681. What is the units digit of g?
9
Suppose 2*x = -2*x - 148. Let p = 19 + x. Let q = p - -21. What is the units digit of q?
3
Suppose 10*s - 1177 = 163. What is the hundreds digit of s?
1
Let d(y) = y**2 - 5*y + 8. Let x(q) = 2*q**2 - 4. Let b be x(-2). What is the units digit of d(b)?
4
What is the units digit of (9655/10 + -4)*(-4)/(-3)?
2
Let k be ((-3)/2)/((-9)/24). Let x(j) = 22*j + 2. Let d be x(k). What is the units digit of d/(-2)*(-2)/6?
5
Let g be (-178)/(-9) - 18/(-81). Suppose -43 = -21*n + g*n. What is the units digit of n?
3
Let r(f) = f**3 + 18*f**2 - 2*f - 33. Let z be r(-18). Suppose 0 = z*u + u - o - 443, -u + 127 = 3*o. What is the hundreds digit of u?
1
Let q be 2 - (-2 - 10/(-2)). Let h = 1 + q. Suppose h*m + 6 = 2*m. What is the units digit of m?
3
Let g(b) be the third derivative of 0*b + 7*b**2 - 4/3*b**3 + 0 + 1/8*b**4. What is the tens digit of g(14)?
3
Suppose 20*a - 13*a - 5530 = 0. What is the hundreds digit of a?
7
What is the tens digit of (-39)/(-36)*261*(-128)/(-12)?
1
Let u(s) = -s**3 + 3*s**2 + 2*s - 4. Let k be u(2). Suppose 0 = 3*a - 0*j - j - 61, 0 = a - k*j - 24. What is the tens digit of a?
2
Let h(g) = -g - 167. Let v be h(0). Let c = -96 - v. What is the units digit of c?
1
Suppose -5*b + 4*f = -1943, -3*f + 4*f = 3*b - 1170. What is the units digit of b?
1
Suppose 707 = 5*l - 3558. What is the hundreds digit of l?
8
Let v = -81 - -131. Let t = 10 + -6. Suppose -l - 5*d - 86 = -t*l, -4*d + v = 3*l. What is the tens digit of l?
2
Let n(d) = 13*d**2 - 2*d + 9. Let w(x) = x**2 + 1. Let f(j) = n(j) - 6*w(j). Let a be (3/(-9))/((-1)/6). What is the tens digit of f(a)?
2
Let l be (2/(-3))/(30/(-1710)). Let c be 13*-2*(-2)/4. Suppose 0 = z - l + c. What is the units digit of z?
5
Let u = -17 - -6. Suppose 5*z + 52 + 13 = -o, 5*z - 2*o + 80 = 0. Let t = u - z. What is the units digit of t?
3
Let z(d) = 12*d + 74. What is the tens digit of z(8)?
7
Let t = 47 - 111. Let o = -49 - t. What is the tens digit of o?
1
Let x = 5 - -5. Suppose -20*d = -6*d - 42. Suppose d*w - 71 = x. What is the tens digit of w?
2
Let y(i) = i**2 + 2*i + 1. Let s(g) = -6*g**2 - 55*g + 7. Let t(d) = s(d) + 4*y(d). What is the units digit of t(-23)?
4
Suppose 0 = -5*w + 46 - 36. Suppose t - 235 = -2*n, -w*t + 0*t + 473 = 3*n. What is the hundreds digit of t?
2
Let f(w) be the third derivative of -3*w**2 + 1/120*w**6 + 0*w + 0 - 1/15*w**5 + 1/6*w**3 + 1/6*w**4. What is the tens digit of f(4)?
1
Suppose 11*z - 345 = 8*z. Let l = -48 + z. What is the tens digit of l?
6
Suppose 16470 = 38*u - 15488. What is the hundreds digit of u?
8
Suppose j - 236 + 29 = 0. Suppose 4*t - 229 = j. What is the units digit of t?
9
Suppose -217 = -2*l - 5*g, -l + g = -g - 95. What is the tens digit of l?
0
Let t = 4297 - -674. What is the hundreds digit of t?
9
Suppose -4*g - 2*l = -10516, g - 5*l = 3088 - 481. What is the thousands digit of g?
2
Suppose -38*b + 6*b + 79392 = 0. What is the hundreds digit of b?
4
Let f(l) = -2*l**3 - 9*l - 19. Let k be 12/4*(0 + 2)/(-2). What is the units digit of f(k)?
2
Let j(c) = -c**2 - 14*c - 13. Let f(p) = -p**3 + 5*p**2 + 7*p - 2. Let r be f(6). Let z(o) = -5*o + 10. Let m be z(r). What is the units digit of j(m)?
7
Let o be 5 + (5 + -7 - 0). Suppose 3*j - 15 = n, -4*j = -5*n - 0*j - 20. Suppose -o*r - d = -8*r + 191, n = 3*r - 2*d - 116. What is the units digit of r?
8
Let u(x) = 72*x - 39. Let n be u(8). Suppose -7*c - 26 = -n. What is the tens digit of c?
7
Let w be 1/6 + (-77)/(-84)*2. Suppose 111 - 511 = -w*i. What is the units digit of i?
0
What is the units digit of ((-2264)/10)/((-52)/130)?
6
Let b(y) = 0*y - 2*y + 3 + y. Let q(l) = l**2 - 7*l + 5. Let f be q(5). What is the units digit of b(f)?
8
Suppose -4*n = 5*s + 840, -344 = 4*s - 4*n + 328. Let u = s + 342. What is the hundreds digit of u?
1
Suppose -2*l + 4*l - 11 = -5*g, 2*l + 4 = 0. Suppose n = g*x - 3, -2*n + 9 = 5*x - 5*n. Suppose 5*b - 50 = -x*b. What is the tens digit of b?
1
Suppose -20*z = -30*z. Suppose 0 = 3*g + f - 299 + 4, -4*g - 5*f + 408 = z. What is the units digit of g?
7
Let t = -23 - -19. What is the tens digit of 213/12 + t/(-16)?
1
Suppose 0 = -13*c + 18*c - 2745. What is the hundreds digit of c?
5
Suppose 5*q + 48 = -3*n, 0 = 4*q + 6*n - 5*n + 44. What is the units digit of q*((-222)/12 - 3)?
8
Let y(w) = 4*w**3 + 5*w**2 - 5*w + 1. Suppose 2*k = 4*j, -3*k + 1 = -3*j - 5. Let z be y(j). Let b = z + 8. What is the units digit of b?
1
Let p = 1192 - 622. What is the units digit of p?
0
Let j = 1227 + -479. What is the units digit of j?
8
Suppose -5*j - 3*v = -19846, 2*j = 5*v + 4972 + 2985. What is the thousands digit of j?
3
What is the units digit of (-93)/651 - 22864/(-14)?
3
Let d(s) = 2*s**2 - 20*s + 85. What is the hundreds digit of d(20)?
4
Let t = 8466 - 2935. What is the thousands digit of t?
5
Let j(p) = 2*p**2 + 15*p + 66. What is the tens digit of j(-35)?
9
Let b = 20 - 16. Suppose 2*x + 20 = -4*r, -x + 39 = -r - b*r. Let f(u) = u**2 + 4*u + 1. What is the tens digit of f(r)?
2
Let q(v) = 6 - 5 + 5*v**2 - 13. What is the units digit of q(4)?
8
Let p(y) = -6 + 0*y**2 + y**3 + 5*y - 2 - 6*y**2. Let m be -2*(-2)/20 - 58/(-10). What is the tens digit of p(m)?
2
Suppose -50*b - 2083 = -7883. What is the units digit of b?
6
Suppose 0 = 2*l, -4*h + 4*l = -1098 + 82. What is the hundreds digit of h?
2
Let x = -836 + 170. Let n = -386 - x. What is the tens digit of n?
8
Let w be 434/((-10)/(-2 + -3)). Suppose -3 = 2*y - w. What is the hundreds digit of y?
1
Let v = 57 + -48. What is the units digit of 1/(2/4*v/18)?
4
Suppose -19517 = -5*g - 3*h - h, h = 3*g - 11717. What is the units digit of 1/(-6) + g/66?
9
Let k(p) = -2*p**3 + 3*p**2 + 4*p + 1. Let u be k(3). Let n(y) = 11*y + 4. Let r be n(u). What is the units digit of (-12)/9*r/4?
0
Let a = 495 - 289. What is the tens digit of a?
0
Suppose 2*q - 249 = 231. Let a = -32 + q. What is the hundreds digit of a?
2
Suppose -18 = -4*l + 2*t, t + 6 - 1 = 0. Suppose -5*i = -a - l*a + 465, -3*a = -3*i - 465. What is the tens digit of a?
5
Let d(z) = -z**3 - 5*z**2 - 4*z - 4. Let v be d(-2). What is the units digit of ((-26)/(-6))/(v/(-24))?
3
Let n(s) = -s**3 - 13*s**2 + 17*s + 33. Let o be n(-14). What is the units digit of (3/(o/(-6)))/(-2) - -58?
7
Suppose -236*o - 20512 = -252*o. What is the thousands digit of o?
1
Let b(m) = m**3 + 12*m**2 - 12*m + 16. Suppose -4*r + 3*a + 3 = 0, -2*r - a + 6 = -r. Suppose -k = r*k + 52. What is the units digit of b(k)?
3
Let n be 1/4 + (-28)/(-16). Suppose n*s = -5*l - 106, 0*l = -2*l - 4. What is the tens digit of s/(-32) - (-58)/4?
1
Suppose -h + 74 + 101